 -2*k**2 - 43*k - 17. Let p be y(-21). Suppose 4*q - 229 = -i, q = -6 + p. What is the greatest common divisor of 158 and i?
79
Let w = 5968 + -5949. Let t(j) = j**3 - j**2 - j + 171. Let o be t(0). What is the highest common factor of o and w?
19
Suppose 309*l + 554 = 310*l + 4*c, 2*l = 3*c + 1020. What is the highest common divisor of 63 and l?
9
Let t(r) = 49*r + 714. Let h be t(-4). What is the greatest common divisor of h and 6?
2
Suppose -4*p - 324 = -16*p. What is the greatest common divisor of p and 1593?
27
Let t = -669 + 671. Suppose 4*z = -q + 109, q - 22 = -z - q. Suppose 2*b - z = -0*b. Calculate the greatest common divisor of b and t.
2
Let x(d) = -242*d**3 - d**2 - 11*d - 17. Let y be x(-2). What is the greatest common factor of 745 and y?
149
Suppose 0*w + w - 17 = -2*j, 0 = 5*j - 5. Let k = -699 + 1254. What is the highest common factor of k and w?
15
Let z(g) = -g**3 - 31*g**2 + 52*g - 459. Let a be z(-33). Calculate the highest common divisor of 291 and a.
3
Suppose 4*t + 45 = 181. Let k be ((-72)/45)/(2/(-5)). Suppose k*m - 255 = m. What is the highest common factor of t and m?
17
Suppose -l = -3*l + 164. Let v(c) = 54*c**2 - 478*c + 133. Let a be v(9). What is the greatest common divisor of l and a?
41
Let u = 79 + -19. Let d be (17 - 18)*(-14)/1. Let s = 26 - d. Calculate the greatest common divisor of u and s.
12
Let a(p) = 3*p - 59. Let g be a(18). Let w be (-2 + g + 3)/(2/16). Let l = 50 + w. What is the highest common factor of l and 9?
9
Suppose z + 6*z + z = 0. Suppose 0 = s, z = -3*i + 2*s - 41 + 122. Calculate the greatest common factor of 45 and i.
9
Let p = -5255 - -10199. Calculate the highest common divisor of p and 48.
48
Let f(r) = -r**2 + 20. Let h be f(8). Let s be 8/h + 228/44. Let i = 3 - -22. What is the highest common divisor of s and i?
5
Suppose 32*m - 34*m - 6 = -i, 2*i - 3*m - 15 = 0. Suppose -3*r = -i, 4*r + 99 + 41 = 3*z. Let x = -3 + 7. What is the greatest common factor of x and z?
4
Suppose -2*a - 16 = -12, 4*i = a - 942. Let w be (-242)/(-12) + i/(-24) + -10. Let z be 241/3 + 1/(-3). What is the highest common divisor of z and w?
20
Suppose 3*i + 32 = 4*n + 7*i, 5*i - 4 = n. Let g(f) = 63*f**2 + 5*f - 2. Let c be 2/(1 + 1)*9/9. Let w be g(c). What is the greatest common divisor of w and n?
6
Let n = 23 + -14. Suppose 7*g = 10*g - n. Suppose 5*d = g*i + 5, 5*d + 5*i - 41 = d. What is the highest common divisor of 20 and d?
4
Suppose -2*w = 2*x - 2, 4*w = -2*x + 1 + 7. Let o be (48/(-4))/(-2)*15*w. Calculate the highest common divisor of o and 10.
10
Let l = -397 + 425. Let t be (-114)/(-4) - (-3)/(-6). What is the highest common factor of l and t?
28
Let l(k) = -561*k**3 + 3*k**2 - k - 2. Let u be l(-1). Suppose -u + 555 = -2*p. What is the highest common divisor of p and 172?
4
Suppose -2*z - 2*g = -210, 5*g = -4*z + 95 + 322. Calculate the highest common factor of z and 4644.
108
Let p(v) = -v**3 + 13*v**2 - 11*v - 8. Let c be p(12). Suppose -c*w - 4*m + 19 = -m, -5*w = -5*m - 15. What is the greatest common factor of 2 and w?
2
Let o(s) be the third derivative of 23*s**4/12 + 16*s**3 - 49*s**2. Let u be o(3). Calculate the highest common divisor of u and 45.
9
Let y(r) = -2*r**3 - 7*r**2 + 20*r + 80. Let s be y(-4). What is the greatest common factor of 992 and s?
16
Let v be ((1 - 5) + 5 + -2)*1. Let f be (v - -2 - 3)*-6. Let h = -252 - -264. Calculate the greatest common divisor of f and h.
12
Let q(n) = 5*n**2 + 4*n + 1. Let c be q(-2). Suppose -5*k - 13 = -f + 51, 3*f - 3*k = 156. Suppose -3*m + f = c. What is the highest common divisor of 84 and m?
12
Suppose 45*a = -67*a + 2464. Calculate the highest common divisor of a and 7887.
11
Let m(f) = -f**3 - 29*f**2 - 147*f - 9. Let k be m(-5). What is the greatest common divisor of 1568 and k?
14
Suppose -23*l = l - 384. Let g(d) = 2*d**3 - 9*d**2 + 5*d + 5. Let h be g(5). Let i = h - 39. What is the greatest common divisor of i and l?
16
Let p be 25/((-2100)/(-2968))*27/2. What is the highest common factor of p and 9?
9
Let h(c) = 2*c**2 - c - 1. Let v = 91 + -94. Let x be h(v). Suppose -x*z = -27*z + 280. Calculate the greatest common factor of z and 280.
40
Let i be (-34 - (-6 + -6))*80/2. Let x = i - -964. Calculate the highest common factor of x and 98.
14
Let q(j) = -j**2 - 332*j - 2211. Let l be q(-7). Let b = -58 - -90. What is the greatest common factor of b and l?
32
Let r = -8357 + 8403. Let p be (1 + -93)*(-2)/1. Suppose 4*y + p = 8*y. What is the greatest common factor of y and r?
46
Let n = -3767 - -3887. Calculate the highest common factor of n and 4120.
40
Suppose 0 = 16*f + 55753 - 56841. What is the greatest common factor of f and 7922?
34
Let z(r) = -8*r - 50. Let d be z(-9). Suppose -3*q = 5*a - 3175, -2*a = 4*q - 801 - 455. Calculate the greatest common divisor of a and d.
22
Suppose 0 = 49*x - 19*x - 22*x - 360. Calculate the highest common factor of x and 5085.
45
Suppose 0 = -50*n - 13*n + 3147 - 816. What is the highest common divisor of n and 296?
37
Let a(x) = -x**3 + 7*x**2 + 5*x + 8. Let u be a(8). Suppose -45*z - 629 = 991. Let h = u - z. What is the greatest common factor of h and 30?
10
Let z = 38 - 41. Let r be (-28 - (0 + z)) + -4. Let i = 89 + r. Calculate the highest common divisor of i and 24.
12
Let n(a) = -a + 77. Let j be n(-16). Let g = 115 - j. Calculate the highest common factor of g and 44.
22
Let v(c) = -2*c**3 + 16*c**2 + 5*c + 22. Let k be v(8). What is the highest common factor of k and 1674?
62
Suppose 0 = -x - 4*x + 2970. Suppose 528*s - 8982 = -27*s + 56*s. What is the greatest common divisor of x and s?
18
Suppose -24*k + 250 = 2*q - 26*k, -3*q = k - 355. Let w be -2 + (-80)/(-3) - 16/24. What is the greatest common factor of q and w?
24
Suppose 44 = 2*y + t, 13 = y - t - 6. Let r be 3405/6 - (-2)/(-4). Suppose -4*a = -a - r. What is the greatest common divisor of y and a?
21
Suppose 8 = 4*q - 4. Let w(l) = 4*l + 56. Let o be w(-10). Suppose 0 = p + 3*u - 48, -o = -4*p + u + 124. What is the highest common divisor of q and p?
3
Suppose 135*f = 149*f - 2156. What is the highest common factor of f and 126?
14
Suppose a + 17 + 38 = 0. Let b = 47 + a. Let i = 20 - b. What is the highest common divisor of i and 70?
14
Suppose 75*f = 26*f - 82*f + 1504404. What is the highest common divisor of f and 72?
36
Suppose 53*c + 7770 = 207*c + 31*c. What is the greatest common divisor of 1218 and c?
42
Suppose -3*g + 183 = 5*t, -333*t - 146 = -337*t - 2*g. What is the greatest common divisor of t and 123?
3
Suppose 4*p - 5*k = 1977 - 1669, 3*p = -2*k + 208. Calculate the greatest common factor of p and 837.
9
Let p = 305 + -440. Let a be (-3100)/(-15) - (-2)/6. Let x = a + p. Calculate the highest common factor of x and 18.
18
Let u be (-9)/((-58446)/(-7308) + -1 + -7). What is the greatest common factor of 210 and u?
42
Suppose 3*z + 2*l - 31 = 217, 4*z = -4*l + 336. Suppose 0 = -5*r - 15, 2*r - z = -5*q + 249. Let n = q - 29. Calculate the greatest common divisor of n and 57.
19
Let f(w) = -8*w**2 - 113*w - 69. Let v be f(-13). Calculate the greatest common divisor of v and 5136.
48
Let c(w) = -w**3 + 14*w**2 + 1090*w + 71. Let n be c(-27). What is the highest common factor of n and 8374?
106
Let i = 36 + -37. Let g(j) = 423*j - 1. Let n(m) = -635*m + 2. Let s(h) = -8*g(h) - 5*n(h). Let z be s(i). Calculate the highest common factor of z and 23.
23
Suppose 0 = 5*f + 12 - 117. Let d be 2*(-3)/(-6)*f. Let j be 14*(-2)/2*-2*(-2)/(-8). What is the highest common divisor of d and j?
7
Suppose -666*s = 5*m - 662*s - 64, 4*m + 2*s - 56 = 0. Calculate the highest common factor of m and 9584.
16
Let t be 4*((-8)/2 + 3) + 13. Suppose 0 = -t*b - 15*b + 360. Calculate the highest common divisor of b and 15.
15
Let s(g) be the second derivative of -g**3/3 + 5*g**2 + 5*g + 2. Let k be s(-2). Calculate the greatest common divisor of k and 266.
14
Let i(s) = -s**3 + 44*s**2 - s + 51. Suppose -34*u + 1547 - 51 = 0. Let z be i(u). Calculate the highest common factor of z and 413.
7
Let a be (-9)/(-15) + (-2988)/(-45). Let f = 37 + a. What is the greatest common divisor of 52 and f?
52
Suppose 3*x - 253 = -286. Let s(p) = -p**2 - 11*p + 3. Let c be s(x). Let q be (-2)/8 + (-74)/(-8). Calculate the highest common fa